2*b + 5*b - a. Suppose -b*k + 208 = 33. What is the tens digit of k?
3
Let v(i) = 2*i - 12. Let p(w) = -7. Let h(a) = -4*p(a) + v(a). Let m(o) = o**3 + o**2 - o. Let j be m(2). What is the tens digit of h(j)?
3
Suppose 0 = -4*f - 2*m, m = -m. Suppose 5*q = -f*q + 20. Suppose -q*x = x - 505. What is the tens digit of x?
0
Let z(o) = 22*o**2 - 24*o + 186. What is the tens digit of z(-15)?
9
Let w(d) = d**3 + 14*d**2 + 7*d - 25. Let b be w(-12). Suppose -b*x + 174*x = -110. What is the tens digit of x?
2
Suppose 1239657 = -41*r + 3618436. What is the ten thousands digit of r?
5
Let a be (-21 - -4491)*4/(16/6). Suppose 21269 = 44*t + a. What is the hundreds digit of t?
3
Let c be (-12)/8*2*-10. What is the units digit of (-1677)/(-21) + c/(-35)?
9
Let f be -326*(1/2 + 0). Suppose -3*k - 600 = 4*k + 18*k. Let y = k - f. What is the hundreds digit of y?
1
Suppose -27*w + 10640 = -41*w. Let z = w - -1804. What is the thousands digit of z?
1
What is the units digit of (456/56 - 8)*283577?
1
Suppose 18610 = -33*u + 106984. Let f = -1497 + u. What is the thousands digit of f?
1
Let k(y) = -53*y + 12. Let c(g) = 1. Let p(h) = 3*c(h) - k(h). Let w(t) = -t**3 - 26*t**2 - 57*t - 211. Let z be w(-24). What is the units digit of p(z)?
6
Let r(k) = -k**2 - 20*k - 70. Let t be r(-15). Suppose 1416 = t*g - 1334. Let o = -341 + g. What is the hundreds digit of o?
2
Suppose -19*z - 54 = 706. What is the units digit of (-5)/(z/12)*(-3 - -55)?
8
Suppose 12 = 13*o - 10*o. Let v be 1/o - 6984/(-96). Let q = 204 - v. What is the tens digit of q?
3
Let d = -58270 - -93773. What is the thousands digit of d?
5
Let s(h) = -h**3 - 15*h**2 - 41*h - 35. Let v be s(-16). Suppose -1019 - v = -4*c. What is the hundreds digit of c?
4
Let m = -3568 - -5336. What is the units digit of m?
8
Suppose -4*w = -4*p + 28, -4*w - 5*p + 4*p = 3. What is the units digit of (-9)/(w - (-415)/210)?
8
Let n = 67 + -67. Let a = 491 + n. Suppose o - 85 = -3*b, 2*b - 32 + a = 5*o. What is the units digit of o?
1
Let j be -6*(-5)/(-5) + (1 - -1). Let h be (-2)/j + (-1385)/(-2). Suppose 10*u - u = h. What is the units digit of u?
7
Let w(r) = 65096*r - 825. What is the units digit of w(1)?
1
Suppose 33 + 57 = 3*m. Suppose -8582 = 16*w - m*w. What is the tens digit of w?
1
Let o(g) be the first derivative of 2*g**3 + 9*g**2/2 - 41*g + 72. What is the hundreds digit of o(5)?
1
Suppose -4*f = 4*u - 0*f - 30712, 0 = 3*f + 9. Suppose 3*v = -4*w - u, 0 = 2*v + v + 9. What is the tens digit of w/(-21) - (-1)/(-3)?
9
Suppose 0 = -2*x - 4*d + 22934 + 5280, 0 = -4*x - 3*d + 56418. What is the hundreds digit of x?
1
Let d(a) = -2*a**3 - 92*a**2 + 14*a + 1016. What is the units digit of d(-47)?
6
Let w(p) = -p + 11. Suppose -15*s = -11*s - 32. Let n = -3 + s. What is the units digit of w(n)?
6
Suppose 2*a = 5*m - 381, 3*m + 4*a - 36 = 203. Suppose 75*j = m*j - 1104. What is the units digit of j?
2
Suppose 0*u + 12 = 2*u. Let y be 3 - u - (-192 + 4/(-2)). What is the tens digit of (-3 + y/(-1))/(-2)?
9
What is the tens digit of 4234 - (-120)/((-90)/9)?
2
Suppose 19*y - 6751 = 507. Let t = 683 - y. What is the tens digit of t?
0
Let f(h) = 54*h**2 - 99 + 8 - 47*h**2 - 10*h. What is the units digit of f(13)?
2
Let p = -33303 - -50766. What is the thousands digit of p?
7
Let k(c) = -c**2 - 37*c - 328. Let v be k(-15). Suppose 0*p + g - 471 = -v*p, p - g - 243 = 0. What is the hundreds digit of p?
2
Let m = 5248 + 2477. Suppose 32*z + m = 20141. What is the hundreds digit of z?
3
Let h(o) = -3*o**3 + 3*o**2 + 5*o + 4. Let v be h(-2). Suppose 3*k = d + 6 + 3, -3*d = -k - 5. Let b = v - k. What is the units digit of b?
6
Suppose -1270852 + 2958570 = 102*m - 1778140. What is the tens digit of m?
7
Let u be 56 + (3/(-7))/(-3)*7. Suppose -2836 = -7*l - u. What is the hundreds digit of l?
3
Let l(s) = 502*s**3 + 13*s**2 - 54*s + 146. What is the ten thousands digit of l(5)?
6
Suppose -6*n + 54 - 240 = 0. Let t = n - -29. What is the tens digit of (-35)/t*(-80)/(-28)?
5
Let s(x) = -1 + 2*x + 3*x**2 - 7 - 2 - 3. Suppose -z - 23*z + 96 = 0. What is the tens digit of s(z)?
4
Let q(h) = 57*h**2 - 240*h + 8761. What is the ten thousands digit of q(32)?
5
Let h(q) = 37 - 148*q - 25 + 22*q - 29. What is the hundreds digit of h(-4)?
4
Suppose 3*s - 14 = 3*d - 2, 4*s + 3*d = 9. Suppose -32 = -0*z - 4*z + 4*j, z = s*j + 16. What is the units digit of z?
4
Let m = 15722 + -641. What is the thousands digit of m?
5
Suppose 151 = -2*k - 5*d - 37, 0 = 3*k - d + 316. Let j be -1 + 4/((-12)/75). Let s = j - k. What is the units digit of s?
8
Suppose -2*r + 12464 = -2*g, -2*g + 18671 = -21*r + 24*r. What is the units digit of r?
7
Suppose -60*v + 53*v + 742 = 0. Suppose -v*b + 111*b = q + 7732, 4*b = -5*q + 6174. What is the tens digit of b?
4
Let y(j) be the third derivative of -7*j**4/6 + j**3/6 + 8*j**2. Let m be y(2). Let z = -44 - m. What is the units digit of z?
1
Let o = 61 - 58. Let d be (o + (-21)/9)/((-1)/3). What is the units digit of (6*5/d)/(30/(-200))?
0
Suppose -3*t + 27 = -0*t. Suppose 0 = -9*v - t*v + 1440. What is the tens digit of v?
8
Let w(z) be the second derivative of 53*z**3/6 + 69*z**2/2 - 2*z + 96. What is the tens digit of w(10)?
9
Suppose 1384 = 4*c + 2*t, 2*c - 3*t + 31 = 731. Let l = c - 29. Let x = -223 + l. What is the units digit of x?
5
Let k be 0 - 84/(-15) - 2/(-5). What is the hundreds digit of (-1240)/(-6) - (-8)/k?
2
Let h(c) = -c**3 - 23*c**2 - 23*c + 6. Let l(f) = f**3 - 41*f**2 - 2*f + 59. Let j be l(41). What is the hundreds digit of h(j)?
5
Let o = -74 + 86. Let q(r) = -o*r - 14*r + 27 + 2*r**2 + 29*r. What is the hundreds digit of q(-8)?
1
Suppose -4*x - 999 = -4*n + 177, 4*x = -n - 1166. Let h = 113 - x. Let r = -219 + h. What is the units digit of r?
6
Suppose 0 = -551*w + 711*w - 2269440. What is the ten thousands digit of w?
1
Let s be (-42)/4*(-2 - 24/(-18)). Let q(r) = -r**3 + 8*r**2 + 17*r - 41. What is the tens digit of q(s)?
2
Let b(x) = -315*x - x**3 + 13*x**2 + 11 + 272*x + 10*x**2. What is the tens digit of b(10)?
8
What is the units digit of ((-18178)/8)/((184/(-32))/23)?
9
What is the hundreds digit of (-310)/2325 + 82862/15?
5
Let i = 3406 - 2504. What is the tens digit of i?
0
Suppose 4*i - 2*i = 3*f + 3196, 3*f + 3194 = 4*i. Let s = 1900 + f. What is the tens digit of s?
3
Let s = 37 + -37. Suppose 3*h - 6 - 36 = s. Suppose 0 = 2*f + 4 - h, 5*f - 187 = -2*p. What is the units digit of p?
1
Suppose -30*n + 24*n = 0. Suppose n = -4*z + y - 121, -z = -5*z + 5*y - 109. Let h = z + 44. What is the tens digit of h?
1
Let a(r) = -84*r - 270. Let l be a(-3). What is the tens digit of (1160/3)/(l/(-27))?
8
Let x = 6869 + -4378. What is the thousands digit of x?
2
Let u = -12032 + 23913. What is the ten thousands digit of u?
1
Let k = -59 - -99. Suppose -k = -3*a - 2*g + 46, 0 = -4*a + 3*g + 126. Suppose -26*r + a*r - 356 = 0. What is the units digit of r?
9
Suppose 21*y = 324836 + 158668. What is the ten thousands digit of y?
2
Let i be (498/(-4))/(-1)*4. Suppose -35 = -37*n + 76. Suppose 92 - 392 = -3*z - 3*b, 5*z = -n*b + i. What is the units digit of z?
9
Suppose -3*d = -14 - 103. Let n(h) = h**3 - 12*h**2 + 9*h + 25. Let r be n(11). Suppose -d = r*q - 4*q. What is the units digit of q?
9
Let i(o) = 743*o**2 - 1. Let p = 593 + -592. What is the tens digit of i(p)?
4
What is the units digit of 14/(-259) + 20979060/1110?
0
Let k = 30735 - 28023. What is the thousands digit of k?
2
Suppose -5*r + 2*p = -186, 3*r + 3*p = -10 + 130. Let m be r*(-1)/2*1. Let b = m + 40. What is the units digit of b?
1
Let n(x) = x - 1. Let t be n(15). Suppose -8*b - t = -b. What is the tens digit of ((4 - b)/(-12))/(2/(-44))?
1
Let l(s) = s**2 + 12*s - 11. Let u be 1 - 1 - (2 - -15). What is the units digit of l(u)?
4
Let y(f) be the third derivative of 0 - 31*f**2 + 0*f + 29/60*f**5 + 1/6*f**4 - 13/6*f**3. What is the hundreds digit of y(3)?
2
Suppose -5*a = 3*n - 4889, -5*a + 2958 = -4*n - 1910. Suppose -964*r - 6624 = -a*r. What is the tens digit of r?
5
Let a(i) = i**3 - 10*i**2 - 5*i - 1. Suppose -70 = 3*r - 37. Let y(h) = h**2 + 10*h + 1. Let l be y(r). What is the tens digit of a(l)?
2
Suppose -16*a + 17*a + 15 = 2*s, -s = -5. Suppose 0 = -5*r - 2*k + 33, -6*k = 4*r - k - 40. What is the hundreds 